 by 69?
62
What is the remainder when 710 is divided by 144?
134
What is the remainder when 3274 is divided by 182?
180
What is the remainder when 618 is divided by 9?
6
What is the remainder when 1836 is divided by 20?
16
Calculate the remainder when 235 is divided by 30.
25
What is the remainder when 462 is divided by 60?
42
What is the remainder when 3658 is divided by 122?
120
What is the remainder when 182 is divided by 22?
6
What is the remainder when 139 is divided by 60?
19
Calculate the remainder when 97 is divided by 8.
1
What is the remainder when 1693 is divided by 131?
121
What is the remainder when 13128 is divided by 6561?
6
Calculate the remainder when 616 is divided by 75.
16
What is the remainder when 231 is divided by 8?
7
What is the remainder when 774 is divided by 50?
24
Calculate the remainder when 183 is divided by 46.
45
Calculate the remainder when 441 is divided by 30.
21
What is the remainder when 104 is divided by 49?
6
Calculate the remainder when 268 is divided by 7.
2
What is the remainder when 5998 is divided by 24?
22
What is the remainder when 43 is divided by 5?
3
What is the remainder when 950 is divided by 315?
5
Calculate the remainder when 870 is divided by 13.
12
Calculate the remainder when 280 is divided by 24.
16
Calculate the remainder when 117 is divided by 67.
50
Calculate the remainder when 198 is divided by 50.
48
Calculate the remainder when 43 is divided by 16.
11
What is the remainder when 72 is divided by 20?
12
What is the remainder when 7826 is divided by 174?
170
Calculate the remainder when 36 is divided by 15.
6
What is the remainder when 178 is divided by 10?
8
What is the remainder when 129 is divided by 37?
18
Calculate the remainder when 418 is divided by 251.
167
Calculate the remainder when 1950 is divided by 180.
150
What is the remainder when 8188 is divided by 63?
61
What is the remainder when 5338 is divided by 7?
4
Calculate the remainder when 142 is divided by 55.
32
Calculate the remainder when 250 is divided by 91.
68
Calculate the remainder when 347 is divided by 7.
4
Calculate the remainder when 399 is divided by 67.
64
Calculate the remainder when 656 is divided by 72.
8
What is the remainder when 4844 is divided by 48?
44
Calculate the remainder when 355 is divided by 345.
10
What is the remainder when 69 is divided by 35?
34
What is the remainder when 51 is divided by 17?
0
Calculate the remainder when 67 is divided by 39.
28
Calculate the remainder when 278 is divided by 98.
82
Calculate the remainder when 170 is divided by 35.
30
Calculate the remainder when 1228 is divided by 504.
220
Calculate the remainder when 23 is divided by 13.
10
What is the remainder when 690 is divided by 105?
60
Calculate the remainder when 71 is divided by 65.
6
What is the remainder when 65 is divided by 36?
29
What is the remainder when 232 is divided by 205?
27
What is the remainder when 705 is divided by 80?
65
Calculate the remainder when 1209 is divided by 219.
114
What is the remainder when 94 is divided by 11?
6
What is the remainder when 521 is divided by 101?
16
What is the remainder when 79 is divided by 18?
7
Calculate the remainder when 1215 is divided by 23.
19
Calculate the remainder when 2875 is divided by 954.
13
What is the remainder when 223 is divided by 19?
14
Calculate the remainder when 116 is divided by 111.
5
Calculate the remainder when 49 is divided by 26.
23
What is the remainder when 117 is divided by 32?
21
What is the remainder when 8196 is divided by 164?
160
Calculate the remainder when 149 is divided by 144.
5
Calculate the remainder when 143 is divided by 126.
17
Calculate the remainder when 230 is divided by 212.
18
Calculate the remainder when 73543 is divided by 22.
19
Calculate the remainder when 5177 is divided by 225.
2
Calculate the remainder when 817 is divided by 41.
38
Calculate the remainder when 1203 is divided by 7.
6
What is the remainder when 1062 is divided by 342?
36
Calculate the remainder when 259 is divided by 13.
12
Calculate the remainder when 264 is divided by 53.
52
Calculate the remainder when 156 is divided by 41.
33
Calculate the remainder when 599 is divided by 122.
111
Calculate the remainder when 1773 is divided by 12.
9
Calculate the remainder when 1123 is divided by 12.
7
Calculate the remainder when 5015 is divided by 57.
56
Calculate the remainder when 893 is divided by 69.
65
Calculate the remainder when 8485 is divided by 123.
121
Calculate the remainder when 261 is divided by 91.
79
Calculate the remainder when 4425 is divided by 65.
5
What is the remainder when 165 is divided by 9?
3
What is the remainder when 3436 is divided by 11?
4
Calculate the remainder when 713 is divided by 119.
118
What is the remainder when 1318 is divided by 22?
20
What is the remainder when 209 is divided by 73?
63
What is the remainder when 231 is divided by 109?
13
Calculate the remainder when 130 is divided by 36.
22
What is the remainder when 431 is divided by 72?
71
Calculate the remainder when 274 is divided by 23.
21
Calculate the remainder when 12449 is divided by 6.
5
What is the remainder when 493 is divided by 33?
31
What is the remainder when 62 is divided by 31?
0
Calculate the remainder when 5210 is divided by 37.
30
What is the remainder when 6745 is divided by 13?
11
Calculate the remainder when 9390 is divided by 93.
90
Calculate the remainder when 389 is divided by 14.
11
Calculate the remainder when 777 is divided by 198.
183
Calculate the remainder when 8494 is divided by 12.
10
Calculate the remainder when 95 is divided by 33.
29
Calculate the remainder when 114 is divided by 44.
26
Calculate the remainder when 365 is divided by 4.
1
Calculate the remainder when 100 is divided by 51.
49
Calculate the remainder when 7094 is divided by 26.
22
What is the remainder when 192 is divided by 20?
12
Calculate the remainder when 260 is divided by 11.
7
Calculate the remainder when 4857 is divided by 6.
3
Calculate the remainder when 374 is divided by 10.
4
What is the remainder when 504 is divided by 67?
35
What is the remainder when 16197 is divided by 14?
13
What is the remainder when 2058 is divided by 24?
18
What is the remainder when 12 is divided by 9?
3
What is the remainder when 221 is divided by 76?
69
What is the remainder when 964 is divided by 88?
84
Calculate the remainder when 266 is divided by 17.
11
What is the remainder when 537 is divided by 60?
57
Calculate the remainder when 3966 is divided by 263.
21
What is the remainder when 32634 is divided by 253?
250
Calculate the remainder when 7260 is divided by 2416.
12
What is the remainder when 140 is divided by 47?
46
Calculate the remainder when 1387 is divided by 17.
10
Calculate the remainder when 280 is divided by 41.
34
What is the remainder when 184 is divided by 55?
19
Calculate the remainder when 315 is divided by 158.
157
Calculate the remainder when 1617 is divided by 45.
42
Calculate the remainder when 184 is divided by 27.
22
Calculate the remainder when 198 is divided by 100.
98
What is the remainder when 92 is divided by 49?
43
Calculate the remainder when 1063 is divided by 152.
151
What is the remainder when 652 is divided by 9?
4
What is the remainder when 98 is divided by 66?
32
Calculate the remainder when 4769 is divided by 106.
105
What is the remainder when 53 is divided by 9?
8
Calculate the remainder when 41 is divided by 23.
18
What is the remainder when 757 is divided by 204?
145
What is the remainder when 39006 is divided by 19?
18
What is the remainder when 79 is divided by 27?
25
What is the remainder when 15403 is divided by 19?
13
Calculate the remainder when 26 is divided by 8.
2
Calculate the remainder when 536 is divided by 141.
113
What is the remainder when 300 is divided by 48?
12
Calculate the remainder when 181 is divided by 46.
43
What is the remainder when 1029 is divided by 262?
243
Calculate the remainder when 280 is divided by 52.
20
Calculate the remainder when 803 is divided by 12.
11
Calculate the remainder when 2697 is divided by 225.
222
What is the remainder when 1403 is divided by 14?
3
Calculate the remainder when 195 is divided by 186.
9
What is the remainder when 245 is divided by 33?
14
Calculate the re